{"id":857,"date":"2024-03-08T14:56:34","date_gmt":"2024-03-08T12:56:34","guid":{"rendered":"https:\/\/www.tomliehr.de\/?page_id=857"},"modified":"2024-03-10T16:44:24","modified_gmt":"2024-03-10T14:44:24","slug":"im-wechselnden-licht-der-jahre","status":"publish","type":"page","link":"https:\/\/www.tomliehr.de\/?page_id=857","title":{"rendered":"Im wechselnden Licht der Jahre"},"content":{"rendered":"<ul>\n<li><a href=\"https:\/\/www.aufbau-verlage.de\/aufbau-taschenbuch\/im-wechselnden-licht-der-jahre\/978-3-7466-3761-7\" target=\"_blank\" rel=\"noopener\">\u201eIm wechselnden Licht der Jahre\u201c<\/a> im Aufbau Verlag<a href=\"https:\/\/shop.autorenwelt.de\/collections\/signierte-buecher\/products\/im-wechselnden-licht-der-jahre-von-tom-liehr\" target=\"_blank\" rel=\"https:\/\/shop.autorenwelt.de\/collections\/signierte-buecher\/products\/im-wechselnden-licht-der-jahre-von-tom-liehr noopener\"><img loading=\"lazy\" decoding=\"async\" class=\"alignright wp-image-850 size-medium\" src=\"https:\/\/www.tomliehr.de\/blog\/wp-content\/uploads\/2024\/03\/imwechselndenlichtderjahre-182x300.png\" alt=\"\" width=\"182\" height=\"300\" srcset=\"https:\/\/www.tomliehr.de\/blog\/wp-content\/uploads\/2024\/03\/imwechselndenlichtderjahre-182x300.png 182w, https:\/\/www.tomliehr.de\/blog\/wp-content\/uploads\/2024\/03\/imwechselndenlichtderjahre.png 547w\" sizes=\"auto, (max-width: 182px) 100vw, 182px\" \/><\/a><\/li>\n<li>Erstver\u00f6ffentlichung: 15. Mai 2024<\/li>\n<li>Auflage: 1<\/li>\n<li>Taschenbuch (auch als Ebook)<\/li>\n<li>H\u00f6rbuch in bei Aufbau Audio, gesprochen von <a href=\"https:\/\/www.thomas-nicolai.de\/\" target=\"_blank\" rel=\"noopener\">Thomas Nicolai<\/a><\/li>\n<li>\n<h5>ACHTUNG: Bis zum 28.4.2024 <span style=\"color: #ff6600;\">gro\u00dfe Signieraktion<\/span> im Autorenwelt-B\u00fcchershop! Der neue Liehr <span style=\"color: #ff6600;\">versandkostenfrei und ohne Aufpreis mit Signatur oder pers\u00f6nlicher Widmung!<\/span> Einfach aufs Cover oben rechts oder <strong><a href=\"https:\/\/shop.autorenwelt.de\/collections\/signierte-buecher\/products\/im-wechselnden-licht-der-jahre-von-tom-liehr\" target=\"_blank\" rel=\"noopener\">hier<\/a><\/strong> klicken<\/h5>\n<\/li>\n<\/ul>\n<h4>Ist es nie zu sp\u00e4t, um erwachsen zu werden?<\/h4>\n<p><em>Eigentlich ist Alexander Bengt mit seinem Leben zufrieden; seine Frau Tabea liebt ihn, genau wie seine beiden Kinder. Doch eines bereitet ihm Sorgen: sein n\u00e4chster Geburtstag \u2013 der grausam runde Sechzigste. Ausgerechnet da zieht ein amerikanischer Songwriter in der Nachbarschaft ein, den Alexander bewundert und der ihn sogar auffordert, gemeinsam einen Song zu schreiben. Alexander hat das Gef\u00fchl, nun noch einmal richtig durchstarten zu k\u00f6nnen. Aber dann geschieht ein tragischer Unfall, und pl\u00f6tzlich sieht er sein ganzes Leben infrage gestellt.<\/em><\/p>\n<p><em>Der neue Tom Liehr \u2013 ein Roman wie ein guter Song \u00fcber Liebe, Leid und Gl\u00fcck.<\/em><br \/>\n<em>(Klappenext)<\/em><\/p>\n<p><a href=\"https:\/\/www.tomliehr.de\/blog\/wp-content\/uploads\/2024\/03\/ichwerdesterben.png\"><img loading=\"lazy\" decoding=\"async\" class=\"alignnone wp-image-854 size-large\" src=\"https:\/\/www.tomliehr.de\/blog\/wp-content\/uploads\/2024\/03\/ichwerdesterben-808x1024.png\" alt=\"\" width=\"604\" height=\"765\" srcset=\"https:\/\/www.tomliehr.de\/blog\/wp-content\/uploads\/2024\/03\/ichwerdesterben-808x1024.png 808w, https:\/\/www.tomliehr.de\/blog\/wp-content\/uploads\/2024\/03\/ichwerdesterben-237x300.png 237w, https:\/\/www.tomliehr.de\/blog\/wp-content\/uploads\/2024\/03\/ichwerdesterben-768x973.png 768w, https:\/\/www.tomliehr.de\/blog\/wp-content\/uploads\/2024\/03\/ichwerdesterben.png 1169w\" sizes=\"auto, (max-width: 604px) 100vw, 604px\" \/><\/a><\/p>\n","protected":false},"excerpt":{"rendered":"<p>\u201eIm wechselnden Licht der Jahre\u201c im Aufbau Verlag Erstver\u00f6ffentlichung: 15. Mai 2024 Auflage: 1 Taschenbuch (auch als Ebook) H\u00f6rbuch in bei Aufbau Audio, gesprochen von Thomas Nicolai ACHTUNG: Bis zum 28.4.2024 gro\u00dfe Signieraktion im Autorenwelt-B\u00fcchershop! Der neue Liehr versandkostenfrei und ohne Aufpreis mit Signatur oder pers\u00f6nlicher Widmung! Einfach aufs Cover oben rechts oder hier klicken &hellip; <a href=\"https:\/\/www.tomliehr.de\/?page_id=857\" class=\"more-link\"><span class=\"screen-reader-text\">Im wechselnden Licht der Jahre<\/span> weiterlesen <span class=\"meta-nav\">&rarr;<\/span><\/a><\/p>\n","protected":false},"author":1,"featured_media":0,"parent":0,"menu_order":1,"comment_status":"closed","ping_status":"closed","template":"","meta":{"footnotes":""},"class_list":["post-857","page","type-page","status-publish","hentry"],"_links":{"self":[{"href":"https:\/\/www.tomliehr.de\/index.php?rest_route=\/wp\/v2\/pages\/857","targetHints":{"allow":["GET"]}}],"collection":[{"href":"https:\/\/www.tomliehr.de\/index.php?rest_route=\/wp\/v2\/pages"}],"about":[{"href":"https:\/\/www.tomliehr.de\/index.php?rest_route=\/wp\/v2\/types\/page"}],"author":[{"embeddable":true,"href":"https:\/\/www.tomliehr.de\/index.php?rest_route=\/wp\/v2\/users\/1"}],"replies":[{"embeddable":true,"href":"https:\/\/www.tomliehr.de\/index.php?rest_route=%2Fwp%2Fv2%2Fcomments&post=857"}],"version-history":[{"count":14,"href":"https:\/\/www.tomliehr.de\/index.php?rest_route=\/wp\/v2\/pages\/857\/revisions"}],"predecessor-version":[{"id":892,"href":"https:\/\/www.tomliehr.de\/index.php?rest_route=\/wp\/v2\/pages\/857\/revisions\/892"}],"wp:attachment":[{"href":"https:\/\/www.tomliehr.de\/index.php?rest_route=%2Fwp%2Fv2%2Fmedia&parent=857"}],"curies":[{"name":"wp","href":"https:\/\/api.w.org\/{rel}","templated":true}]}}

<ul>
<li><a href="https://www.aufbau-verlage.de/aufbau-taschenbuch/im-wechselnden-licht-der-jahre/978-3-7466-3761-7" target="_blank" rel="noopener">„Im wechselnden Licht der Jahre“</a> im Aufbau Verlag<a href="https://shop.autorenwelt.de/collections/signierte-buecher/products/im-wechselnden-licht-der-jahre-von-tom-liehr" target="_blank" rel="https://shop.autorenwelt.de/collections/signierte-buecher/products/im-wechselnden-licht-der-jahre-von-tom-liehr noopener"><img loading="lazy" decoding="async" class="alignright wp-image-850 size-medium" src="https://www.tomliehr.de/blog/wp-content/uploads/2024/03/imwechselndenlichtderjahre-182x300.png" alt="" width="182" height="300" srcset="https://www.tomliehr.de/blog/wp-content/uploads/2024/03/imwechselndenlichtderjahre-182x300.png 182w, https://www.tomliehr.de/blog/wp-content/uploads/2024/03/imwechselndenlichtderjahre.png 547w" sizes="auto, (max-width: 182px) 100vw, 182px" /></a></li>
<li>Erstveröffentlichung: 15. Mai 2024</li>
<li>Auflage: 1</li>
<li>Taschenbuch (auch als Ebook)</li>
<li>Hörbuch in bei Aufbau Audio, gesprochen von <a href="https://www.thomas-nicolai.de/" target="_blank" rel="noopener">Thomas Nicolai</a></li>
<li>
<h5>ACHTUNG: Bis zum 28.4.2024 <span style="color: #ff6600;">große Signieraktion</span> im Autorenwelt-Büchershop! Der neue Liehr <span style="color: #ff6600;">versandkostenfrei und ohne Aufpreis mit Signatur oder persönlicher Widmung!</span> Einfach aufs Cover oben rechts oder <strong><a href="https://shop.autorenwelt.de/collections/signierte-buecher/products/im-wechselnden-licht-der-jahre-von-tom-liehr" target="_blank" rel="noopener">hier</a></strong> klicken</h5>
</li>
</ul>
<h4>Ist es nie zu spät, um erwachsen zu werden?</h4>
<p><em>Eigentlich ist Alexander Bengt mit seinem Leben zufrieden; seine Frau Tabea liebt ihn, genau wie seine beiden Kinder. Doch eines bereitet ihm Sorgen: sein nächster Geburtstag – der grausam runde Sechzigste. Ausgerechnet da zieht ein amerikanischer Songwriter in der Nachbarschaft ein, den Alexander bewundert und der ihn sogar auffordert, gemeinsam einen Song zu schreiben. Alexander hat das Gefühl, nun noch einmal richtig durchstarten zu können. Aber dann geschieht ein tragischer Unfall, und plötzlich sieht er sein ganzes Leben infrage gestellt.</em></p>
<p><em>Der neue Tom Liehr – ein Roman wie ein guter Song über Liebe, Leid und Glück.</em><br />
<em>(Klappenext)</em></p>
<p><a href="https://www.tomliehr.de/blog/wp-content/uploads/2024/03/ichwerdesterben.png"><img loading="lazy" decoding="async" class="alignnone wp-image-854 size-large" src="https://www.tomliehr.de/blog/wp-content/uploads/2024/03/ichwerdesterben-808x1024.png" alt="" width="604" height="765" srcset="https://www.tomliehr.de/blog/wp-content/uploads/2024/03/ichwerdesterben-808x1024.png 808w, https://www.tomliehr.de/blog/wp-content/uploads/2024/03/ichwerdesterben-237x300.png 237w, https://www.tomliehr.de/blog/wp-content/uploads/2024/03/ichwerdesterben-768x973.png 768w, https://www.tomliehr.de/blog/wp-content/uploads/2024/03/ichwerdesterben.png 1169w" sizes="auto, (max-width: 604px) 100vw, 604px" /></a></p>

<p>„Im wechselnden Licht der Jahre“ im Aufbau Verlag Erstveröffentlichung: 15. Mai 2024 Auflage: 1 Taschenbuch (auch als Ebook) Hörbuch in bei Aufbau Audio, gesprochen von Thomas Nicolai ACHTUNG: Bis zum 28.4.2024 große Signieraktion im Autorenwelt-Büchershop! Der neue Liehr versandkostenfrei und ohne Aufpreis mit Signatur oder persönlicher Widmung! Einfach aufs Cover oben rechts oder hier klicken &hellip; <a href="https://www.tomliehr.de/?page_id=857" class="more-link"><span class="screen-reader-text">Im wechselnden Licht der Jahre</span> weiterlesen <span class="meta-nav">&rarr;</span></a></p>
