{"id":668,"date":"2022-06-16T16:00:01","date_gmt":"2022-06-16T14:00:01","guid":{"rendered":"https:\/\/www.tomliehr.de\/?page_id=668"},"modified":"2024-03-10T16:46:15","modified_gmt":"2024-03-10T14:46:15","slug":"freitags-bei-paolo","status":"publish","type":"page","link":"https:\/\/www.tomliehr.de\/?page_id=668","title":{"rendered":"Freitags bei Paolo"},"content":{"rendered":"<ul>\n<li><a href=\"https:\/\/www.aufbau-verlage.de\/aufbau-taschenbuch\/freitags-bei-paolo\/978-3-7466-3940-6\" target=\"_blank\" rel=\"noopener\">&#8222;Freitags bei Paolo&#8220; im Aufbau Verlag<\/a><a href=\"https:\/\/shop.autorenwelt.de\/products\/freitags-bei-paolo-von-tom-liehr?variant=40015059910749\" target=\"_blank\" rel=\"noopener\"><img loading=\"lazy\" decoding=\"async\" class=\"size-medium wp-image-669 alignright\" src=\"https:\/\/www.tomliehr.de\/blog\/wp-content\/uploads\/2022\/06\/paolo-182x300.jpg\" alt=\"\" width=\"182\" height=\"300\" srcset=\"https:\/\/www.tomliehr.de\/blog\/wp-content\/uploads\/2022\/06\/paolo-182x300.jpg 182w, https:\/\/www.tomliehr.de\/blog\/wp-content\/uploads\/2022\/06\/paolo.jpg 363w\" sizes=\"auto, (max-width: 182px) 100vw, 182px\" \/><\/a><\/li>\n<li>Erstver\u00f6ffentlichung: November 2022<\/li>\n<li>Auflage: 1<\/li>\n<li>Taschenbuch (auch als Ebook)<\/li>\n<li>H\u00f6rbuch bei Aufbau Audio gesprochen von <a href=\"https:\/\/www.thomas-nicolai.de\/\" target=\"_blank\" rel=\"noopener\">Thomas Nicolai<\/a><\/li>\n<\/ul>\n<p style=\"text-align: justify;\">Auf dem Fr\u00fchst\u00fcckstisch stand eine einzelne, frische Margerite in der kleinen Vase, und daran lehnte das Polaroidfoto, das Paolo an ihrem ersten Abend gemacht hatte. Clemens stand mit dem R\u00fccken zur T\u00fcr und hantierte an der Pfanne; es zischte und qualmte, manchmal verbrannte er einen Pancake ein bisschen, denn Kochen geh\u00f6rte nicht zu seinen Kerntalenten. Aber es duftete au\u00dferdem nach frischem Kaffee, und es war gem\u00fctlich und ihr Zuhause und \u00fcberhaupt, und, Schei\u00dfe, sie liebte ihn einfach \u00fcber alles. Das Gef\u00fchl war mit einem Mal so unbeschreiblich stark, dass ihr Tr\u00e4nen in die Augen traten. Marie blinzelte und wischte sich mit der Fingerkante an den Augen entlang, dann r\u00e4usperte sie sich. (Auszug)<\/p>\n<p><strong>Lieben &#8211; verlieren &#8211; lieben <\/strong><\/p>\n<p style=\"text-align: justify;\">Marie und Clemens haben sich in der Millenniumsnacht 2000 kennen- und lieben gelernt. Seither pflegen sie ein Ritual: Freitags treffen sie sich immer bei ihrem Lieblingsitaliener &#8211; bei <em>Paolo<\/em>. Und sie schw\u00f6ren sich: Wenn es irgendwann in ihrer Beziehung nicht mehr knistert, wollen sie es beenden. Nach zwanzig Jahren ist es dann so weit: Sie beschlie\u00dfen, getrennte Leben zu leben, m\u00fcssen aber bald erkennen, was f\u00fcr ein Wagnis sie eingegangen sind. Denn bei aller gef\u00fchlten Freiheit bleibt die Frage: Wie sieht ein erf\u00fclltes Leben voller Liebe und Zufriedenheit denn wirklich aus?<\/p>\n<p>Eine Lebens- und Liebesgeschichte, voller Witz, Pr\u00e4zision und Warmherzigkeit erz\u00e4hlt &#8211; aber auch ein kluger Roman \u00fcber die Freiheit der Kunst und die Balance zwischen Karriere- und Gef\u00fchlswelt. (Klappentext)<\/p>\n","protected":false},"excerpt":{"rendered":"<p>&#8222;Freitags bei Paolo&#8220; im Aufbau Verlag Erstver\u00f6ffentlichung: November 2022 Auflage: 1 Taschenbuch (auch als Ebook) H\u00f6rbuch bei Aufbau Audio gesprochen von Thomas Nicolai Auf dem Fr\u00fchst\u00fcckstisch stand eine einzelne, frische Margerite in der kleinen Vase, und daran lehnte das Polaroidfoto, das Paolo an ihrem ersten Abend gemacht hatte. Clemens stand mit dem R\u00fccken zur T\u00fcr &hellip; <a href=\"https:\/\/www.tomliehr.de\/?page_id=668\" class=\"more-link\"><span class=\"screen-reader-text\">Freitags bei Paolo<\/span> weiterlesen <span class=\"meta-nav\">&rarr;<\/span><\/a><\/p>\n","protected":false},"author":1,"featured_media":0,"parent":0,"menu_order":2,"comment_status":"closed","ping_status":"closed","template":"","meta":{"footnotes":""},"class_list":["post-668","page","type-page","status-publish","hentry"],"_links":{"self":[{"href":"https:\/\/www.tomliehr.de\/index.php?rest_route=\/wp\/v2\/pages\/668","targetHints":{"allow":["GET"]}}],"collection":[{"href":"https:\/\/www.tomliehr.de\/index.php?rest_route=\/wp\/v2\/pages"}],"about":[{"href":"https:\/\/www.tomliehr.de\/index.php?rest_route=\/wp\/v2\/types\/page"}],"author":[{"embeddable":true,"href":"https:\/\/www.tomliehr.de\/index.php?rest_route=\/wp\/v2\/users\/1"}],"replies":[{"embeddable":true,"href":"https:\/\/www.tomliehr.de\/index.php?rest_route=%2Fwp%2Fv2%2Fcomments&post=668"}],"version-history":[{"count":10,"href":"https:\/\/www.tomliehr.de\/index.php?rest_route=\/wp\/v2\/pages\/668\/revisions"}],"predecessor-version":[{"id":893,"href":"https:\/\/www.tomliehr.de\/index.php?rest_route=\/wp\/v2\/pages\/668\/revisions\/893"}],"wp:attachment":[{"href":"https:\/\/www.tomliehr.de\/index.php?rest_route=%2Fwp%2Fv2%2Fmedia&parent=668"}],"curies":[{"name":"wp","href":"https:\/\/api.w.org\/{rel}","templated":true}]}}

<ul>
<li><a href="https://www.aufbau-verlage.de/aufbau-taschenbuch/freitags-bei-paolo/978-3-7466-3940-6" target="_blank" rel="noopener">&#8222;Freitags bei Paolo&#8220; im Aufbau Verlag</a><a href="https://shop.autorenwelt.de/products/freitags-bei-paolo-von-tom-liehr?variant=40015059910749" target="_blank" rel="noopener"><img loading="lazy" decoding="async" class="size-medium wp-image-669 alignright" src="https://www.tomliehr.de/blog/wp-content/uploads/2022/06/paolo-182x300.jpg" alt="" width="182" height="300" srcset="https://www.tomliehr.de/blog/wp-content/uploads/2022/06/paolo-182x300.jpg 182w, https://www.tomliehr.de/blog/wp-content/uploads/2022/06/paolo.jpg 363w" sizes="auto, (max-width: 182px) 100vw, 182px" /></a></li>
<li>Erstveröffentlichung: November 2022</li>
<li>Auflage: 1</li>
<li>Taschenbuch (auch als Ebook)</li>
<li>Hörbuch bei Aufbau Audio gesprochen von <a href="https://www.thomas-nicolai.de/" target="_blank" rel="noopener">Thomas Nicolai</a></li>
</ul>
<p style="text-align: justify;">Auf dem Frühstückstisch stand eine einzelne, frische Margerite in der kleinen Vase, und daran lehnte das Polaroidfoto, das Paolo an ihrem ersten Abend gemacht hatte. Clemens stand mit dem Rücken zur Tür und hantierte an der Pfanne; es zischte und qualmte, manchmal verbrannte er einen Pancake ein bisschen, denn Kochen gehörte nicht zu seinen Kerntalenten. Aber es duftete außerdem nach frischem Kaffee, und es war gemütlich und ihr Zuhause und überhaupt, und, Scheiße, sie liebte ihn einfach über alles. Das Gefühl war mit einem Mal so unbeschreiblich stark, dass ihr Tränen in die Augen traten. Marie blinzelte und wischte sich mit der Fingerkante an den Augen entlang, dann räusperte sie sich. (Auszug)</p>
<p><strong>Lieben &#8211; verlieren &#8211; lieben </strong></p>
<p style="text-align: justify;">Marie und Clemens haben sich in der Millenniumsnacht 2000 kennen- und lieben gelernt. Seither pflegen sie ein Ritual: Freitags treffen sie sich immer bei ihrem Lieblingsitaliener &#8211; bei <em>Paolo</em>. Und sie schwören sich: Wenn es irgendwann in ihrer Beziehung nicht mehr knistert, wollen sie es beenden. Nach zwanzig Jahren ist es dann so weit: Sie beschließen, getrennte Leben zu leben, müssen aber bald erkennen, was für ein Wagnis sie eingegangen sind. Denn bei aller gefühlten Freiheit bleibt die Frage: Wie sieht ein erfülltes Leben voller Liebe und Zufriedenheit denn wirklich aus?</p>
<p>Eine Lebens- und Liebesgeschichte, voller Witz, Präzision und Warmherzigkeit erzählt &#8211; aber auch ein kluger Roman über die Freiheit der Kunst und die Balance zwischen Karriere- und Gefühlswelt. (Klappentext)</p>

<p>&#8222;Freitags bei Paolo&#8220; im Aufbau Verlag Erstveröffentlichung: November 2022 Auflage: 1 Taschenbuch (auch als Ebook) Hörbuch bei Aufbau Audio gesprochen von Thomas Nicolai Auf dem Frühstückstisch stand eine einzelne, frische Margerite in der kleinen Vase, und daran lehnte das Polaroidfoto, das Paolo an ihrem ersten Abend gemacht hatte. Clemens stand mit dem Rücken zur Tür &hellip; <a href="https://www.tomliehr.de/?page_id=668" class="more-link"><span class="screen-reader-text">Freitags bei Paolo</span> weiterlesen <span class="meta-nav">&rarr;</span></a></p>
