{"id":497,"date":"2020-03-16T16:09:43","date_gmt":"2020-03-16T14:09:43","guid":{"rendered":"http:\/\/www.tomliehr.de\/?page_id=497"},"modified":"2024-03-08T17:15:54","modified_gmt":"2024-03-08T15:15:54","slug":"die-wahrheit-ueber-metting","status":"publish","type":"page","link":"https:\/\/www.tomliehr.de\/?page_id=497","title":{"rendered":"Die Wahrheit \u00fcber Metting"},"content":{"rendered":"\r\n<ul class=\"wp-block-list\">\r\n<li><a href=\"https:\/\/www.rowohlt.de\/taschenbuch\/tom-liehr-die-wahrheit-ueber-metting.html\" target=\"_blank\" rel=\"noopener noreferrer\">rororo<\/a><a href=\"https:\/\/shop.autorenwelt.de\/products\/die-wahrheit-uber-metting-von-tom-liehr?variant=31326723342429\" target=\"_blank\" rel=\"noopener noreferrer\"><img loading=\"lazy\" decoding=\"async\" class=\"alignright wp-image-499 size-medium\" src=\"http:\/\/www.tomliehr.de\/blog\/wp-content\/uploads\/2020\/03\/metting-198x300.jpg\" alt=\"Die Wahrheit \u00fcber Metting\" width=\"198\" height=\"300\" srcset=\"https:\/\/www.tomliehr.de\/blog\/wp-content\/uploads\/2020\/03\/metting-198x300.jpg 198w, https:\/\/www.tomliehr.de\/blog\/wp-content\/uploads\/2020\/03\/metting.jpg 329w\" sizes=\"auto, (max-width: 198px) 100vw, 198px\" \/><\/a><\/li>\r\n<li>Erstver\u00f6ffentlichung: Oktober 2020<\/li>\r\n<li>Auflage: 1<\/li>\r\n<li>Taschenbuch<\/li>\r\n<li>H\u00f6rbuch bei Audible, gelesen von Martin Bross<\/li>\r\n<\/ul>\r\n\r\n\r\n\r\n<p style=\"text-align: justify;\">Niedersachsen, Ende der 70er Jahre: In der Kleinstadt Metting liegt das Pflegeheim Horizont, in dem Tom\u00e1s aufw\u00e4chst, weshalb er lange glaubt, dass die meisten Menschen auf der Welt alt oder krank oder beides sind. Toms Papa ist heimlich homosexuell, Toms Mama h\u00e4lt sich an Orangenlik\u00f6r. Als die f\u00fcr ihre 82 Jahre noch ziemlich attraktive Marieluise ins Heim zieht, erlebt Tom seine erste gro\u00dfe Liebe. Die lebenslustige Frau weckt in ihm den Spa\u00df am Lesen und die Begeisterung f\u00fcr Geschichten. Auch 30 Jahre sp\u00e4ter hat er sie nicht vergessen. Tom hat keinen Kontakt nach Hause, und erf\u00e4hrt nun, dass das heruntergekommene Heim vor dem Aus steht. Jemand muss die Liquidation vorbereiten, Bewohner gibt es nicht mehr &#8211; die letzten sind Toms Eltern &#8230;<\/p>\r\n<p><a href=\"https:\/\/www.book2look.com\/book\/9783499001840\" target=\"_blank\" rel=\"noopener\">LESEPROBE bei book2look<\/a><\/p>\r\n","protected":false},"excerpt":{"rendered":"<p>rororo Erstver\u00f6ffentlichung: Oktober 2020 Auflage: 1 Taschenbuch H\u00f6rbuch bei Audible, gelesen von Martin Bross Niedersachsen, Ende der 70er Jahre: In der Kleinstadt Metting liegt das Pflegeheim Horizont, in dem Tom\u00e1s aufw\u00e4chst, weshalb er lange glaubt, dass die meisten Menschen auf der Welt alt oder krank oder beides sind. Toms Papa ist heimlich homosexuell, Toms Mama &hellip; <a href=\"https:\/\/www.tomliehr.de\/?page_id=497\" class=\"more-link\"><span class=\"screen-reader-text\">Die Wahrheit \u00fcber Metting<\/span> weiterlesen <span class=\"meta-nav\">&rarr;<\/span><\/a><\/p>\n","protected":false},"author":1,"featured_media":0,"parent":0,"menu_order":3,"comment_status":"closed","ping_status":"closed","template":"","meta":{"footnotes":""},"class_list":["post-497","page","type-page","status-publish","hentry"],"_links":{"self":[{"href":"https:\/\/www.tomliehr.de\/index.php?rest_route=\/wp\/v2\/pages\/497","targetHints":{"allow":["GET"]}}],"collection":[{"href":"https:\/\/www.tomliehr.de\/index.php?rest_route=\/wp\/v2\/pages"}],"about":[{"href":"https:\/\/www.tomliehr.de\/index.php?rest_route=\/wp\/v2\/types\/page"}],"author":[{"embeddable":true,"href":"https:\/\/www.tomliehr.de\/index.php?rest_route=\/wp\/v2\/users\/1"}],"replies":[{"embeddable":true,"href":"https:\/\/www.tomliehr.de\/index.php?rest_route=%2Fwp%2Fv2%2Fcomments&post=497"}],"version-history":[{"count":10,"href":"https:\/\/www.tomliehr.de\/index.php?rest_route=\/wp\/v2\/pages\/497\/revisions"}],"predecessor-version":[{"id":869,"href":"https:\/\/www.tomliehr.de\/index.php?rest_route=\/wp\/v2\/pages\/497\/revisions\/869"}],"wp:attachment":[{"href":"https:\/\/www.tomliehr.de\/index.php?rest_route=%2Fwp%2Fv2%2Fmedia&parent=497"}],"curies":[{"name":"wp","href":"https:\/\/api.w.org\/{rel}","templated":true}]}}

Die Wahrheit über Metting

<ul class="wp-block-list">
<li><a href="https://www.rowohlt.de/taschenbuch/tom-liehr-die-wahrheit-ueber-metting.html" target="_blank" rel="noopener noreferrer">rororo</a><a href="https://shop.autorenwelt.de/products/die-wahrheit-uber-metting-von-tom-liehr?variant=31326723342429" target="_blank" rel="noopener noreferrer"><img loading="lazy" decoding="async" class="alignright wp-image-499 size-medium" src="http://www.tomliehr.de/blog/wp-content/uploads/2020/03/metting-198x300.jpg" alt="Die Wahrheit über Metting" width="198" height="300" srcset="https://www.tomliehr.de/blog/wp-content/uploads/2020/03/metting-198x300.jpg 198w, https://www.tomliehr.de/blog/wp-content/uploads/2020/03/metting.jpg 329w" sizes="auto, (max-width: 198px) 100vw, 198px" /></a></li>
<li>Erstveröffentlichung: Oktober 2020</li>
<li>Auflage: 1</li>
<li>Taschenbuch</li>
<li>Hörbuch bei Audible, gelesen von Martin Bross</li>
</ul>



<p style="text-align: justify;">Niedersachsen, Ende der 70er Jahre: In der Kleinstadt Metting liegt das Pflegeheim Horizont, in dem Tomás aufwächst, weshalb er lange glaubt, dass die meisten Menschen auf der Welt alt oder krank oder beides sind. Toms Papa ist heimlich homosexuell, Toms Mama hält sich an Orangenlikör. Als die für ihre 82 Jahre noch ziemlich attraktive Marieluise ins Heim zieht, erlebt Tom seine erste große Liebe. Die lebenslustige Frau weckt in ihm den Spaß am Lesen und die Begeisterung für Geschichten. Auch 30 Jahre später hat er sie nicht vergessen. Tom hat keinen Kontakt nach Hause, und erfährt nun, dass das heruntergekommene Heim vor dem Aus steht. Jemand muss die Liquidation vorbereiten, Bewohner gibt es nicht mehr &#8211; die letzten sind Toms Eltern &#8230;</p>
<p><a href="https://www.book2look.com/book/9783499001840" target="_blank" rel="noopener">LESEPROBE bei book2look</a></p>

<p>rororo Erstveröffentlichung: Oktober 2020 Auflage: 1 Taschenbuch Hörbuch bei Audible, gelesen von Martin Bross Niedersachsen, Ende der 70er Jahre: In der Kleinstadt Metting liegt das Pflegeheim Horizont, in dem Tomás aufwächst, weshalb er lange glaubt, dass die meisten Menschen auf der Welt alt oder krank oder beides sind. Toms Papa ist heimlich homosexuell, Toms Mama &hellip; <a href="https://www.tomliehr.de/?page_id=497" class="more-link"><span class="screen-reader-text">Die Wahrheit über Metting</span> weiterlesen <span class="meta-nav">&rarr;</span></a></p>
