{"id":385,"date":"2016-05-19T12:41:41","date_gmt":"2016-05-19T10:41:41","guid":{"rendered":"http:\/\/www.tomliehr.de\/?page_id=385"},"modified":"2024-03-08T17:58:11","modified_gmt":"2024-03-08T15:58:11","slug":"landeier","status":"publish","type":"page","link":"https:\/\/www.tomliehr.de\/?page_id=385","title":{"rendered":"Landeier"},"content":{"rendered":"<div class=\"post-bodycopy clearfix\">\n<ul>\n<li><a title=\"Zum Verlag\" href=\"http:\/\/www.rowohlt.de\/paperback\/tom-liehr-landeier.html\" target=\"_blank\" rel=\"noopener noreferrer\">Rowohlt Polaris\/rororo<\/a><a href=\"https:\/\/shop.autorenwelt.de\/products\/landeier-von-tom-liehr?variant=51492294470\"><img loading=\"lazy\" decoding=\"async\" class=\"alignright\" src=\"http:\/\/www.tomliehr.de\/le_cover.jpg\" alt=\"\" width=\"215\" height=\"370\" \/><\/a><\/li>\n<li>Erstver\u00f6ffentlichung: Oktober 2016, Taschenbuch Juni 2017<\/li>\n<li>Auflage: 2<\/li>\n<li>Klappbroschur<\/li>\n<li>H\u00f6rbuch bei Aufbau Digital, gelegen von Bettina Storm und Julian Horeyseck<\/li>\n<\/ul>\n<p style=\"text-align: justify;\">Das Gro\u00dfstadtpaar in der Provinz: Sie will es ruhig, er will eine Metropole in klein &#8211; doch beide haben die Rechnung ohne die neuen Nachbarn gemacht.<\/p>\n<p style=\"text-align: justify;\">Sebastian Kunze ist gescheiterter Gro\u00dfstadtjournalist. Er landet mit Frau und Tochter in der Provinz, denn Melanie ist Psychotherapeutin, und auf dem Land gibt es, was sie braucht: Einen Kassensitz und therapiebed\u00fcrftige Menschen. Doch beide werden \u00fcberrascht von der l\u00e4ndlichen Realit\u00e4t. W\u00e4hrend Melanie sich bald kaum mehr auf die Stra\u00dfe traut wegen all der \u00abBescheuerten\u00bb, lernt Sebastian die \u00dcberschaubarkeit des neuen Lebens zu sch\u00e4tzen &#8230;<\/p>\n<p><a href=\"https:\/\/www.tomliehr.de\/blog\/wp-content\/uploads\/2024\/03\/landeiercover.png\"><img loading=\"lazy\" decoding=\"async\" class=\"alignleft wp-image-884 size-medium\" title=\"Cover der Neuausgabe von 2023\" src=\"https:\/\/www.tomliehr.de\/blog\/wp-content\/uploads\/2024\/03\/landeiercover-198x300.png\" alt=\"Cover der Neuausgabe von 2023\" width=\"198\" height=\"300\" srcset=\"https:\/\/www.tomliehr.de\/blog\/wp-content\/uploads\/2024\/03\/landeiercover-198x300.png 198w, https:\/\/www.tomliehr.de\/blog\/wp-content\/uploads\/2024\/03\/landeiercover.png 476w\" sizes=\"auto, (max-width: 198px) 100vw, 198px\" \/><\/a><em> Ertr\u00e4umte Idylle trifft auf l\u00e4ndliche Realit\u00e4t &#8211; eine Geschichte mit Humor, Biss und Scharfsicht<\/em><\/p>\n<p><em>(Klappentext)<\/em><\/p>\n<\/div>\n","protected":false},"excerpt":{"rendered":"<p>Rowohlt Polaris\/rororo Erstver\u00f6ffentlichung: Oktober 2016, Taschenbuch Juni 2017 Auflage: 2 Klappbroschur H\u00f6rbuch bei Aufbau Digital, gelegen von Bettina Storm und Julian Horeyseck Das Gro\u00dfstadtpaar in der Provinz: Sie will es ruhig, er will eine Metropole in klein &#8211; doch beide haben die Rechnung ohne die neuen Nachbarn gemacht. Sebastian Kunze ist gescheiterter Gro\u00dfstadtjournalist. Er landet &hellip; <a href=\"https:\/\/www.tomliehr.de\/?page_id=385\" class=\"more-link\"><span class=\"screen-reader-text\">Landeier<\/span> weiterlesen <span class=\"meta-nav\">&rarr;<\/span><\/a><\/p>\n","protected":false},"author":1,"featured_media":0,"parent":0,"menu_order":4,"comment_status":"closed","ping_status":"closed","template":"","meta":{"footnotes":""},"class_list":["post-385","page","type-page","status-publish","hentry"],"_links":{"self":[{"href":"https:\/\/www.tomliehr.de\/index.php?rest_route=\/wp\/v2\/pages\/385","targetHints":{"allow":["GET"]}}],"collection":[{"href":"https:\/\/www.tomliehr.de\/index.php?rest_route=\/wp\/v2\/pages"}],"about":[{"href":"https:\/\/www.tomliehr.de\/index.php?rest_route=\/wp\/v2\/types\/page"}],"author":[{"embeddable":true,"href":"https:\/\/www.tomliehr.de\/index.php?rest_route=\/wp\/v2\/users\/1"}],"replies":[{"embeddable":true,"href":"https:\/\/www.tomliehr.de\/index.php?rest_route=%2Fwp%2Fv2%2Fcomments&post=385"}],"version-history":[{"count":10,"href":"https:\/\/www.tomliehr.de\/index.php?rest_route=\/wp\/v2\/pages\/385\/revisions"}],"predecessor-version":[{"id":885,"href":"https:\/\/www.tomliehr.de\/index.php?rest_route=\/wp\/v2\/pages\/385\/revisions\/885"}],"wp:attachment":[{"href":"https:\/\/www.tomliehr.de\/index.php?rest_route=%2Fwp%2Fv2%2Fmedia&parent=385"}],"curies":[{"name":"wp","href":"https:\/\/api.w.org\/{rel}","templated":true}]}}

<div class="post-bodycopy clearfix">
<ul>
<li><a title="Zum Verlag" href="http://www.rowohlt.de/paperback/tom-liehr-landeier.html" target="_blank" rel="noopener noreferrer">Rowohlt Polaris/rororo</a><a href="https://shop.autorenwelt.de/products/landeier-von-tom-liehr?variant=51492294470"><img loading="lazy" decoding="async" class="alignright" src="http://www.tomliehr.de/le_cover.jpg" alt="" width="215" height="370" /></a></li>
<li>Erstveröffentlichung: Oktober 2016, Taschenbuch Juni 2017</li>
<li>Auflage: 2</li>
<li>Klappbroschur</li>
<li>Hörbuch bei Aufbau Digital, gelegen von Bettina Storm und Julian Horeyseck</li>
</ul>
<p style="text-align: justify;">Das Großstadtpaar in der Provinz: Sie will es ruhig, er will eine Metropole in klein &#8211; doch beide haben die Rechnung ohne die neuen Nachbarn gemacht.</p>
<p style="text-align: justify;">Sebastian Kunze ist gescheiterter Großstadtjournalist. Er landet mit Frau und Tochter in der Provinz, denn Melanie ist Psychotherapeutin, und auf dem Land gibt es, was sie braucht: Einen Kassensitz und therapiebedürftige Menschen. Doch beide werden überrascht von der ländlichen Realität. Während Melanie sich bald kaum mehr auf die Straße traut wegen all der «Bescheuerten», lernt Sebastian die Überschaubarkeit des neuen Lebens zu schätzen &#8230;</p>
<p><a href="https://www.tomliehr.de/blog/wp-content/uploads/2024/03/landeiercover.png"><img loading="lazy" decoding="async" class="alignleft wp-image-884 size-medium" title="Cover der Neuausgabe von 2023" src="https://www.tomliehr.de/blog/wp-content/uploads/2024/03/landeiercover-198x300.png" alt="Cover der Neuausgabe von 2023" width="198" height="300" srcset="https://www.tomliehr.de/blog/wp-content/uploads/2024/03/landeiercover-198x300.png 198w, https://www.tomliehr.de/blog/wp-content/uploads/2024/03/landeiercover.png 476w" sizes="auto, (max-width: 198px) 100vw, 198px" /></a><em> Erträumte Idylle trifft auf ländliche Realität &#8211; eine Geschichte mit Humor, Biss und Scharfsicht</em></p>
<p><em>(Klappentext)</em></p>
</div>

<p>Rowohlt Polaris/rororo Erstveröffentlichung: Oktober 2016, Taschenbuch Juni 2017 Auflage: 2 Klappbroschur Hörbuch bei Aufbau Digital, gelegen von Bettina Storm und Julian Horeyseck Das Großstadtpaar in der Provinz: Sie will es ruhig, er will eine Metropole in klein &#8211; doch beide haben die Rechnung ohne die neuen Nachbarn gemacht. Sebastian Kunze ist gescheiterter Großstadtjournalist. Er landet &hellip; <a href="https://www.tomliehr.de/?page_id=385" class="more-link"><span class="screen-reader-text">Landeier</span> weiterlesen <span class="meta-nav">&rarr;</span></a></p>
