{"id":338,"date":"2014-11-20T13:29:00","date_gmt":"2014-11-20T11:29:00","guid":{"rendered":"http:\/\/www.tomliehr.de\/?page_id=338"},"modified":"2024-03-08T17:59:20","modified_gmt":"2024-03-08T15:59:20","slug":"nachttankstelle","status":"publish","type":"page","link":"https:\/\/www.tomliehr.de\/?page_id=338","title":{"rendered":"Nachttankstelle"},"content":{"rendered":"<p>&nbsp;<\/p>\n<ul>\n<li><a title=\"Zum Verlag\" href=\"http:\/\/www.rowohlt.de\/\" target=\"_blank\" rel=\"noopener noreferrer\">Erstver\u00f6ffentlichung Rowohlt-Verlag\/rororo<\/a><a href=\"https:\/\/shop.autorenwelt.de\/products\/nachttankstelle-von-tom-liehr?variant=51716750662\"><img loading=\"lazy\" decoding=\"async\" class=\"alignright\" src=\"http:\/\/www.tomliehr.de\/nt_cover.jpg\" alt=\"\" width=\"215\" height=\"370\" \/><\/a><\/li>\n<li>Erstver\u00f6ffentlichung: August 2015<\/li>\n<li>Auflage: 2 (Sept. 2015)<\/li>\n<li>H\u00f6rbuch gesprochen von Jan Viethen bei Aufbau Digital<\/li>\n<li>Print seit Sommer 2023 bei tredition<\/li>\n<\/ul>\n<p>Im Sp\u00e4tsommer 2015 ist mein neunter Roman &#8222;<strong>Nachttankstelle<\/strong>&#8220; erschienen. Mit diesem Buch verabschiede ich mich nach elf Jahren sehr, sehr angenehmer Zusammenarbeit vom Aufbau-Verlag.<\/p>\n<p style=\"text-align: justify;\">Uwe Fiedler ist 38, chronisch migr\u00e4nekrank und ein netter Langweiler. Sein Leben ist eine einzige \u00dcbergangsl\u00f6sung, die Karriere stagniert auf niedrigstdenkbarem Niveau: Er schiebt Nachtschichten an einer Tankstelle. Aus praktischen Gr\u00fcnden lebt Uwe noch mit seiner Exfreundin zusammen, doch die will das nicht mehr. Und dann lernt Uwe zwei Menschen kennen, die sein Leben von Grund auf \u00e4ndern: Jessy, die mysteri\u00f6se Tresenkraft einer Neuk\u00f6llner Gardinenkneipe, und Matuschek, ein Hedonist sondergleichen. In Jessy verliebt er sich, Matuschek wird sein Mentor &#8211; und leider auch ziemlich schnell sein Rivale. Eine tragikomische Geschichte voller Sprachwitz, Eloquenz und l\u00e4ssig-scharfer Beobachtungen. (Klappentext) <a href=\"https:\/\/www.tomliehr.de\/blog\/wp-content\/uploads\/2024\/03\/nachttankstellecover.png\"><img loading=\"lazy\" decoding=\"async\" class=\"alignleft wp-image-886 size-medium\" title=\"Cover der Neuausgabe von 2023\" src=\"https:\/\/www.tomliehr.de\/blog\/wp-content\/uploads\/2024\/03\/nachttankstellecover-197x300.png\" alt=\"Cover der Neuausgabe von 2023\" width=\"197\" height=\"300\" srcset=\"https:\/\/www.tomliehr.de\/blog\/wp-content\/uploads\/2024\/03\/nachttankstellecover-197x300.png 197w, https:\/\/www.tomliehr.de\/blog\/wp-content\/uploads\/2024\/03\/nachttankstellecover.png 475w\" sizes=\"auto, (max-width: 197px) 100vw, 197px\" \/><\/a><\/p>\n","protected":false},"excerpt":{"rendered":"<p>&nbsp; Erstver\u00f6ffentlichung Rowohlt-Verlag\/rororo Erstver\u00f6ffentlichung: August 2015 Auflage: 2 (Sept. 2015) H\u00f6rbuch gesprochen von Jan Viethen bei Aufbau Digital Print seit Sommer 2023 bei tredition Im Sp\u00e4tsommer 2015 ist mein neunter Roman &#8222;Nachttankstelle&#8220; erschienen. Mit diesem Buch verabschiede ich mich nach elf Jahren sehr, sehr angenehmer Zusammenarbeit vom Aufbau-Verlag. Uwe Fiedler ist 38, chronisch migr\u00e4nekrank und &hellip; <a href=\"https:\/\/www.tomliehr.de\/?page_id=338\" class=\"more-link\"><span class=\"screen-reader-text\">Nachttankstelle<\/span> weiterlesen <span class=\"meta-nav\">&rarr;<\/span><\/a><\/p>\n","protected":false},"author":1,"featured_media":0,"parent":0,"menu_order":5,"comment_status":"closed","ping_status":"closed","template":"","meta":{"footnotes":""},"class_list":["post-338","page","type-page","status-publish","hentry"],"_links":{"self":[{"href":"https:\/\/www.tomliehr.de\/index.php?rest_route=\/wp\/v2\/pages\/338","targetHints":{"allow":["GET"]}}],"collection":[{"href":"https:\/\/www.tomliehr.de\/index.php?rest_route=\/wp\/v2\/pages"}],"about":[{"href":"https:\/\/www.tomliehr.de\/index.php?rest_route=\/wp\/v2\/types\/page"}],"author":[{"embeddable":true,"href":"https:\/\/www.tomliehr.de\/index.php?rest_route=\/wp\/v2\/users\/1"}],"replies":[{"embeddable":true,"href":"https:\/\/www.tomliehr.de\/index.php?rest_route=%2Fwp%2Fv2%2Fcomments&post=338"}],"version-history":[{"count":10,"href":"https:\/\/www.tomliehr.de\/index.php?rest_route=\/wp\/v2\/pages\/338\/revisions"}],"predecessor-version":[{"id":887,"href":"https:\/\/www.tomliehr.de\/index.php?rest_route=\/wp\/v2\/pages\/338\/revisions\/887"}],"wp:attachment":[{"href":"https:\/\/www.tomliehr.de\/index.php?rest_route=%2Fwp%2Fv2%2Fmedia&parent=338"}],"curies":[{"name":"wp","href":"https:\/\/api.w.org\/{rel}","templated":true}]}}

<p>&nbsp;</p>
<ul>
<li><a title="Zum Verlag" href="http://www.rowohlt.de/" target="_blank" rel="noopener noreferrer">Erstveröffentlichung Rowohlt-Verlag/rororo</a><a href="https://shop.autorenwelt.de/products/nachttankstelle-von-tom-liehr?variant=51716750662"><img loading="lazy" decoding="async" class="alignright" src="http://www.tomliehr.de/nt_cover.jpg" alt="" width="215" height="370" /></a></li>
<li>Erstveröffentlichung: August 2015</li>
<li>Auflage: 2 (Sept. 2015)</li>
<li>Hörbuch gesprochen von Jan Viethen bei Aufbau Digital</li>
<li>Print seit Sommer 2023 bei tredition</li>
</ul>
<p>Im Spätsommer 2015 ist mein neunter Roman &#8222;<strong>Nachttankstelle</strong>&#8220; erschienen. Mit diesem Buch verabschiede ich mich nach elf Jahren sehr, sehr angenehmer Zusammenarbeit vom Aufbau-Verlag.</p>
<p style="text-align: justify;">Uwe Fiedler ist 38, chronisch migränekrank und ein netter Langweiler. Sein Leben ist eine einzige Übergangslösung, die Karriere stagniert auf niedrigstdenkbarem Niveau: Er schiebt Nachtschichten an einer Tankstelle. Aus praktischen Gründen lebt Uwe noch mit seiner Exfreundin zusammen, doch die will das nicht mehr. Und dann lernt Uwe zwei Menschen kennen, die sein Leben von Grund auf ändern: Jessy, die mysteriöse Tresenkraft einer Neuköllner Gardinenkneipe, und Matuschek, ein Hedonist sondergleichen. In Jessy verliebt er sich, Matuschek wird sein Mentor &#8211; und leider auch ziemlich schnell sein Rivale. Eine tragikomische Geschichte voller Sprachwitz, Eloquenz und lässig-scharfer Beobachtungen. (Klappentext) <a href="https://www.tomliehr.de/blog/wp-content/uploads/2024/03/nachttankstellecover.png"><img loading="lazy" decoding="async" class="alignleft wp-image-886 size-medium" title="Cover der Neuausgabe von 2023" src="https://www.tomliehr.de/blog/wp-content/uploads/2024/03/nachttankstellecover-197x300.png" alt="Cover der Neuausgabe von 2023" width="197" height="300" srcset="https://www.tomliehr.de/blog/wp-content/uploads/2024/03/nachttankstellecover-197x300.png 197w, https://www.tomliehr.de/blog/wp-content/uploads/2024/03/nachttankstellecover.png 475w" sizes="auto, (max-width: 197px) 100vw, 197px" /></a></p>

<p>&nbsp; Erstveröffentlichung Rowohlt-Verlag/rororo Erstveröffentlichung: August 2015 Auflage: 2 (Sept. 2015) Hörbuch gesprochen von Jan Viethen bei Aufbau Digital Print seit Sommer 2023 bei tredition Im Spätsommer 2015 ist mein neunter Roman &#8222;Nachttankstelle&#8220; erschienen. Mit diesem Buch verabschiede ich mich nach elf Jahren sehr, sehr angenehmer Zusammenarbeit vom Aufbau-Verlag. Uwe Fiedler ist 38, chronisch migränekrank und &hellip; <a href="https://www.tomliehr.de/?page_id=338" class="more-link"><span class="screen-reader-text">Nachttankstelle</span> weiterlesen <span class="meta-nav">&rarr;</span></a></p>
